f + 3. Determine x(1).
-1
Let z(q) = q**3 + 8*q**2 + 4*q + 12. Calculate z(-8).
-20
Let x(z) = -2*z**2 - 5*z + 3. Give x(-4).
-9
Let g(f) = -7*f**2 + 2*f + 1. Determine g(3).
-56
Let f(h) = -h + 16. Calculate f(12).
4
Let z(x) = x - 6. Determine z(11).
5
Let d(v) = -2*v - 16. Calculate d(-13).
10
Let m(o) = o**3 + 8*o**2 - 21*o + 1. Give m(-10).
11
Let t(x) = -2*x**2 + 7*x + 11. Calculate t(8).
-61
Let i(r) = r**2 - 7*r - 18. What is i(9)?
0
Let c(x) = -11*x + 86. What is c(8)?
-2
Let s(n) = -n**3 + 10*n**2 + n - 14. Give s(10).
-4
Let a(l) = -78*l + 310. What is a(4)?
-2
Let u(j) = -6*j - 1. Determine u(4).
-25
Let m(y) = -4*y + 80. Give m(19).
4
Let s(m) = -m**3 - 6*m**2 - 5*m + 1. Calculate s(-5).
1
Let v(u) = 3*u + 17. What is v(-6)?
-1
Let y(r) = r**3 - 7*r**2 + 6*r + 21. What is y(4)?
-3
Let n(z) = 4*z**2 + 25*z + 18. Determine n(-7).
39
Let y(g) = g**3 + 23*g**2 - 20*g + 51. What is y(-24)?
-45
Let m(v) = v - 15. Determine m(14).
-1
Let s(z) = -3*z**2 - 71*z - 44. Determine s(-23).
2
Let k(m) = -6*m + 50. Calculate k(8).
2
Let x(s) = s**2 - 12*s - 14. Give x(11).
-25
Let g(s) = -5*s - 1. Determine g(1).
-6
Let f(z) = 13*z - 286. What is f(23)?
13
Let i(q) = q**2 - 8*q - 12. Calculate i(11).
21
Let l(q) = -q**3 - 4*q**2 + 49*q + 32. Give l(-9).
-4
Let p(w) = -2*w**2 - w - 5. What is p(3)?
-26
Let b(n) = -n**3 + 2*n**2 - 36*n + 72. Give b(2).
0
Let d(j) = -j + 10. Give d(-6).
16
Let u(f) = -f**2 + 4*f + 1. What is u(4)?
1
Let v(d) = -d**3 - d + 32. Give v(0).
32
Let c(v) = v**3 + 33*v**2 - 2*v - 111. Give c(-33).
-45
Let u(s) = s**3 - 26*s**2 + 2*s - 52. Calculate u(26).
0
Let f(g) = g**3 + 7*g**2 - 4*g - 30. Calculate f(-7).
-2
Let i(b) = -b**2 + 2*b + 6. Determine i(-2).
-2
Let v(b) = -2*b + 54. Calculate v(29).
-4
Let d(s) = -8*s + 8. What is d(5)?
-32
Let f(w) = -5*w - 1. Determine f(-3).
14
Let a(q) = -q**3 - 2*q**2 - 91. Determine a(0).
-91
Let v(o) = o - 85. What is v(83)?
-2
Let z(h) = 20*h - 91. Give z(7).
49
Let k(a) = 2*a - 9. What is k(-4)?
-17
Let x(t) = -t**3 + t**2 + 3*t + 1. Give x(2).
3
Let w(t) = -12*t + 144. Determine w(11).
12
Let l(d) = 4*d**2 - 108*d + 1. Give l(27).
1
Let s(h) = -3*h. Calculate s(2).
-6
Let t(u) = -u**3 + u. Determine t(0).
0
Let b(q) = 2*q**3 - 27*q**2 - 16*q + 2. Calculate b(14).
-26
Let l(x) = 20*x + 8. Give l(-2).
-32
Let c(a) = a**3 - 9*a - 5. Determine c(-3).
-5
Let k(p) = 60*p + 3. Determine k(1).
63
Let k(x) = 51*x - 2. Determine k(1).
49
Let g(z) = -z**2 + 3*z + 2. Give g(6).
-16
Let a(p) = -p**3 + 12*p**2 - 15*p + 11. Determine a(11).
-33
Let m(a) = a**2 + 6*a - 115. Determine m(8).
-3
Let k(g) = g**3 + 13*g**2 + 10*g + 26. What is k(-13)?
-104
Let u(h) = -h**3 - 9*h**2 + 10*h + 25. Calculate u(-10).
25
Let m(q) = -38*q + 38. Determine m(1).
0
Let v(o) = -o**3 + 7*o**2 + 10*o - 7. Calculate v(7).
63
Let t(l) = -l**3 + 5*l**2 + 339*l + 45. What is t(-16)?
-3
Let i(n) = -n**2 - 3*n + 3. Calculate i(-7).
-25
Let t(a) = a**3 - a**2 - 30*a. Determine t(-5).
0
Let d(h) = 6*h**2 - 9*h - 4. What is d(4)?
56
Let o(m) = -m**2 - 12*m + 21. Calculate o(-14).
-7
Let z(u) = u**3 + 18*u**2 + 16*u - 12. What is z(-17)?
5
Let q(k) = k**2 - 15*k. Give q(10).
-50
Let g(a) = -a**2 + 16*a - 7. Determine g(15).
8
Let x(z) = -14*z**2 - 4*z - 2. Give x(-1).
-12
Let h(j) = -7*j**2 + 3*j + 2. Calculate h(2).
-20
Let d(s) = 22*s + 427. Give d(-19).
9
Let i(n) = n**3 - 10*n**2 + 9*n - 7. Determine i(9).
-7
Let n(l) = l**2 + 10*l + 1. Calculate n(-9).
-8
Let l(f) = -7*f + 58. Determine l(9).
-5
Let a(x) = 13*x + 1. What is a(-2)?
-25
Let j(f) = f**2 + 8*f + 3. Give j(-10).
23
Let q(n) = -n**2 + 21*n + 55. Determine q(23).
9
Let z(a) = 2*a + 24. Give z(-13).
-2
Let d(x) = 2*x + 8. What is d(2)?
12
Let s(i) = -10*i - 2. What is s(-2)?
18
Let y(f) = 2*f**2 - 22*f + 69. Determine y(6).
9
Let s(p) = p**2 - 13*p + 6. Give s(9).
-30
Let i(l) = 5*l + 174. Calculate i(-36).
-6
Let s(f) = f**3 + 7*f**2 - 14*f - 66. Calculate s(-7).
32
Let z(c) = -c**2 - 14*c + 33. What is z(-15)?
18
Let s(o) = 2*o**2 - 7*o + 11. Determine s(3).
8
Let d(j) = j. What is d(7)?
7
Let o(m) = 6*m + 26. Determine o(-6).
-10
Let l(a) = a**3 - 2*a**2 - 3*a - 2. What is l(0)?
-2
Let i(m) = 29*m**3 - m + 1. Calculate i(1).
29
Let o(c) = 9*c**3 - 2*c - 1. Calculate o(-1).
-8
Let a(v) = -2*v**3 + 15*v**2 + 9*v - 8. Determine a(8).
0
Let j(i) = i**3 - 10*i**2 + 6. Determine j(10).
6
Let v(c) = 2*c**3 + 4*c**2 + 5*c + 3. Determine v(-3).
-30
Let f(n) = -2*n + 2. Give f(10).
-18
Let b(u) = -u**3 - 11*u**2 + 11*u. Give b(-12).
12
Let y(z) = -z. Determine y(4).
-4
Let s(h) = 10*h + 7. Calculate s(-2).
-13
Let x(z) = z**3 - 8*z**2 - 7*z + 4. Determine x(5).
-106
Let j(m) = 2*m**2 + 10*m + 10. Give j(-5).
10
Let g(k) = 17*k - 129. Determine g(7).
-10
Let u(p) = -29*p - 50. What is u(-2)?
8
Let c(z) = -2*z**3 - 26*z**2 + 25*z - 41. Give c(-14).
1
Let s(d) = 4*d - 7. Give s(-7).
-35
Let f(j) = j**2 + 19*j + 16. Give f(-12).
-68
Let x(l) = -2*l + 33. Give x(15).
3
Let t(r) = r**3 + 3*r**2 - r + 1. Give t(-4).
-11
Let a(f) = -4*f**2 - 47*f - 146. Give a(-6).
-8
Let a(q) = 3*q - 66. Give a(21).
-3
Let t(d) = -7*d**3 + 16*d**2 + 14*d - 2. Calculate t(-1).
7
Let p(u) = u**3 + 12*u**2 - 13*u + 12. What is p(-13)?
12
Let i(k) = 6*k - 10. Give i(1).
-4
Let o(f) = f**3 + 3*f**2 - f + 3. Determine o(-3).
6
Let a(m) = -40*m + 366. Give a(9).
6
Let w(h) = -9*h**2 - 34*h + 4. Calculate w(-4).
-4
Let m(f) = f**2 - 2*f + 18. Calculate m(8).
66
Let o(v) = -v**3 - v - 6. Determine o(0).
-6
Let q(s) = -6*s**3 - 166*s**2 + 54*s - 63. Calculate q(-28).
-7
Let k(a) = 29*a + 63. Determine k(-5).
-82
Let j(y) = -y**3 - 25*y**2 - 23*y + 29. Give j(-24).
5
Let r(u) = 5*u + 13. Calculate r(-2).
3
Let h(j) = 2*j**3 + 11*j**2 - 7*j - 7. What is h(-6)?
-1
Let h(t) = 8*t**3 - t**2 - 5*t + 5. Calculate h(2).
55
Let r(s) = 13*s + 471. Give r(-37).
-10
Let b(u) = -u**3 + 9*u**2 + 12*u - 21. Calculate b(10).
-1
Let q(g) = -g**2 + 18*g - 14. Determine q(15).
31
Let f(n) = -3*n - 93. Calculate f(-40).
27
Let x(c) = -c**3 + 24*c**2 - 18*c - 139. Determine x(23).
-24
Let a(s) = 14*s + 1. Determine a(1).
15
Let a(n) = -n**3 - 10*n**2 - 22*n - 3. Determine a(-7).
4
Let r(p) = p**2 + 13*p + 31. Determine r(-10).
1
Let d(b) = 5*b**2 - b - 16. Calculate d(-5).
114
Let x(o) = -o**2 + 3*o + 22. What is x(-6)?
-32
Let s(t) = t**2 + 8*t. Calculate s(-7).
-7
Let b(z) = -z - 5. Determine b(-10).
5
Let l(k) = -k**3 + k**2 + 28*k - 6. What is l(-5)?
4
Let c(x) = -5*x + 28. Determine c(7).
-7
Let r(d) = -d**3 + 8*d**2 - d - 4. What is r(8)?
-12
Let k(u) = -2*u**3 + 13*u**2 + 6*u + 6. What is k(7)?
-1
Let w(o) = -15*o + 167. Determine w(11).
2
Let i(b) = -11*b - 9. What is i(1)?
-20
Let x(m) = m**3 + 9*m**2 - 9*m + 11. Determine x(-10).
1
Let x(a) = 2*a - 26. Give x(16).
6
Let s(c) = 4*c**2 + c - 61. Give s(0).
-61
Let s(q) = -q**3 - 10*q**2 - 4*q - 1. What is s(-9)?
-46
Let f(u) = -2*u**2 - 74*u + 5. What is f(-37)?
5
Let c(p) = -p**3 - 29*p**2 + 99*p + 89. Give c(-32).
-7
Let m(y) = -y + 27. Give m(0).
27
Let n(u) = -3*u + 52. Calculate n(15).
7
Let l(h) = -h**2 - 9*h + 97. Calculate l(-16).
-15
Let a(l) = 2*l**2 + 28*l - 10. Give a(-16).
54
Let m(k) = k**3 - 16*k**2 + 28*k + 1. Give m(14).
1
Let w(i) = i**2 + 4*i - 121. Give w(-13).
-4
Let y(q) = -q**2 - 8*q - 3. Calculate y(-5).
12
Let u(b) = b**3 + 2*b**2 - b + 6. Determine u(-3).
0
Let z(u) = -u**3 + 15*u**2 - 11*u - 37. Calculate z(14).
5
Let d(a) = a**3 + 7*a**2 + 2*a + 2. Determine d(-7).
-12
Let u(r) = r**3 - 6*r**2 + 4*r + 2. Determine u(4).
-14
Let x(h) = h + 73. Give x(-23).
50
Let n(m) = -m**2 - 5*m - 11. Calculate n(-3).
-5
Let p(t) = 10*t - 30. Give p(3).
0
Let v(c) = -11*c - 11. What is v(-5)?
44
Let o(n) = -2*n**2 + 2*n + 1. Calculate o(2).
-3
Let q(o) = o**2 + 5*o - 5. Give q(-6).
1
Let z(p) = -5*p + 59. Give z(10).
9
Let y(k) = k**3 + 8*k**2 + 4*k + 20. Calculate y(-8).
-12
Let v(o) = 2*o**2 + 30*o + 47. Calculate v(-13).
-5
Let u(k) = 2*k. Calculate u(5).
10
Let t(z) = -3*z + 2. Calculate t(-7).
23
Let y(f) = f**3 - 9*f**2 + 41*f - 95. What is y(4)?
-11
Let u(r) = -r**2 - 14*r + 21. Calculate u(-18).
-51
Let f(y) = y**2 - 23*y + 47. Calculate f(7).
-65
Let o(g) = g**3 + 5*g**2 - 9. Determine o(-4).
7
Let u(t) = -t**3 + 7*t**2 + t - 10. Give u